{"id":250,"date":"2019-06-20T19:09:01","date_gmt":"2019-06-20T17:09:01","guid":{"rendered":"http:\/\/vpt-asbl.be\/?page_id=250"},"modified":"2025-06-10T22:38:03","modified_gmt":"2025-06-10T20:38:03","slug":"festivals","status":"publish","type":"page","link":"https:\/\/vpt-asbl.be\/index.php\/festivals\/","title":{"rendered":"Festivals"},"content":{"rendered":"\n<p style=\"font-size:14px\">Tu veux participer \u00e0 un festival cet \u00e9t\u00e9 ? L\u2019ASBL Vacances pour Tous recrute des b\u00e9n\u00e9voles. Nous te garantissons de chouettes rencontres et une ambiance de folie !<\/p>\n\n\n\n<figure class=\"wp-block-image\"><img decoding=\"async\" src=\"https:\/\/ds.static.rtbf.be\/article\/image\/1920x1080\/f\/0\/b\/acea5188d9d57831f721f68b9b3c0a66-1688993480.jpeg\" alt=\"Dour 2023 : la s\u00e9lection de la r\u00e9dac' de Jam pour r\u00e9ussir ton festival -  RTBF Actus\"\/><\/figure>\n\n\n\n<p style=\"font-size:14px\">\u00catre b\u00e9n\u00e9vole dans la team festivals VPT, c\u2019est r\u00e9aliser des shifts (4 \u00e0 7h) journaliers qui te donnent acc\u00e8s au festival, au camping \ud83c\udfd5\ufe0f et autres avantages \ud83d\ude0b\ud83c\udf79(tickets food\/drink d\u00e9pendant de l\u2019accord avec le festival). Cela te permettra de vivre une exp\u00e9rience 100% humaine et enrichissante, le travail que tu fourniras sera du win-win, tu b\u00e9n\u00e9ficieras d\u2019avantages, mais le travail de toute la team de b\u00e9n\u00e9voles permettra de r\u00e9colter une somme d\u2019argent donn\u00e9e par le festival et vers\u00e9e \u00e0 l\u2019ASBL. Au plus on est de fous, plus on rit, mais au plus on est au plus on r\u00e9colte de fonds pour VPT. \ud83d\udcb8\ud83c\udf1e<\/p>\n\n\n\n<div class=\"wp-block-image\"><figure class=\"alignright is-resized\"><img loading=\"lazy\" decoding=\"async\" src=\"https:\/\/i0.wp.com\/www.amped-up.be\/wp-content\/uploads\/2016\/05\/dour-logo.png?ssl=1\" alt=\"dour logo - Amped-Up\" width=\"151\" height=\"151\"\/><\/figure><\/div>\n\n\n\n<p class=\"has-text-align-left\" style=\"font-size:14px\"><strong><span class=\"has-inline-color has-vivid-red-color\">Cette ann\u00e9e nous colaborons avec Dourrrrrr<\/span><\/strong><\/p>\n\n\n\n<p><strong><span style=\"text-decoration: underline;\">DOURRRR<\/span><\/strong><\/p>\n\n\n\n<p style=\"font-size:14px\">Tu veux vivre Dour autrement ? De l\u2019int\u00e9rieur, au c\u0153ur de l\u2019ambiance, avec une \u00e9quipe motiv\u00e9e et bienveillante ? Alors embarque avec Vacances Pour Tous ASBL pour une aventure humaine et festive !<\/p>\n\n\n\n<p><strong>Ce que tu gagnes :<\/strong><\/p>\n\n\n\n<p>\ud83c\udfab Entr\u00e9e gratuite au festival \ud83c\udfd5\ufe0f Acc\u00e8s au camping staff \ud83d\udebf Acc\u00e8s aux douches \u23f1\ufe0f Shifts bien organis\u00e9s de 6 \u00e0 7h \ud83c\udf54 Tickets food\/drink<\/p>\n\n\n\n<p><strong>Ce qu\u2019on attend de toi :<\/strong><\/p>\n\n\n\n<p>Ponctualit\u00e9, Respect, Communication claire, Engagement total<\/p>\n\n\n\n<p><strong>Informations pratiques :<\/strong><\/p>\n\n\n\n<ul class=\"wp-block-list\"><li>Inscription obligatoire avant le 20 juin<\/li><li>Validation par l\u2019ASBL requise (confirmation 21 juin)<\/li><li>L\u2019ASBL peut interrompre la collaboration en cas de non-respect des r\u00e8gles <\/li><\/ul>\n\n\n\n<p style=\"font-size:14px\"><strong>Inscriptions<\/strong> :<\/p>\n\n\n\n<p><a href=\"https:\/\/forms.gle\/axqLNHrn8f2FwY456\">https:\/\/forms.gle\/axqLNHrn8f2FwY456<\/a><\/p>\n\n\n\n<p>Si tu as la moindre question, n\u2019h\u00e9site pas \u00e0 nous contacter via Instagram (@festi_vpt), par e-mail \u00e0 festival@vpt.be ou directement par t\u00e9l\u00e9phone au 0496 05 52 24<\/p>\n\n\n\n<figure class=\"wp-block-gallery columns-1 is-cropped wp-block-gallery-1 is-layout-flex wp-block-gallery-is-layout-flex\"><ul class=\"blocks-gallery-grid\"><li class=\"blocks-gallery-item\"><figure><img loading=\"lazy\" decoding=\"async\" width=\"150\" height=\"150\" src=\"http:\/\/vpt-asbl.be\/wp-content\/uploads\/2023\/02\/326370930_786692369691281_4243007967946029330_n-1-150x150.png\" alt=\"\" data-id=\"537\" data-full-url=\"http:\/\/vpt-asbl.be\/wp-content\/uploads\/2023\/02\/326370930_786692369691281_4243007967946029330_n-1.png\" data-link=\"http:\/\/vpt-asbl.be\/index.php\/festivals\/326370930_786692369691281_4243007967946029330_n-1\/\" class=\"wp-image-537 img-responsive\"\/><\/figure><\/li><\/ul><\/figure>\n","protected":false},"excerpt":{"rendered":"<p>Tu veux participer \u00e0 un festival cet \u00e9t\u00e9 ? L\u2019ASBL Vacances pour Tous recrute des b\u00e9n\u00e9voles. Nous te garantissons de chouettes rencontres et une ambiance de folie ! \u00catre b\u00e9n\u00e9vole dans la team festivals VPT, c\u2019est r\u00e9aliser des shifts (4 \u00e0 7h) journaliers qui te donnent acc\u00e8s au festival, au camping \ud83c\udfd5\ufe0f et autres avantages [&hellip;]<\/p>\n","protected":false},"author":4,"featured_media":0,"parent":0,"menu_order":0,"comment_status":"closed","ping_status":"closed","template":"","meta":{"_exactmetrics_skip_tracking":false,"_exactmetrics_sitenote_active":false,"_exactmetrics_sitenote_note":"","_exactmetrics_sitenote_category":0,"footnotes":""},"class_list":["post-250","page","type-page","status-publish","hentry"],"_links":{"self":[{"href":"https:\/\/vpt-asbl.be\/index.php\/wp-json\/wp\/v2\/pages\/250","targetHints":{"allow":["GET"]}}],"collection":[{"href":"https:\/\/vpt-asbl.be\/index.php\/wp-json\/wp\/v2\/pages"}],"about":[{"href":"https:\/\/vpt-asbl.be\/index.php\/wp-json\/wp\/v2\/types\/page"}],"author":[{"embeddable":true,"href":"https:\/\/vpt-asbl.be\/index.php\/wp-json\/wp\/v2\/users\/4"}],"replies":[{"embeddable":true,"href":"https:\/\/vpt-asbl.be\/index.php\/wp-json\/wp\/v2\/comments?post=250"}],"version-history":[{"count":25,"href":"https:\/\/vpt-asbl.be\/index.php\/wp-json\/wp\/v2\/pages\/250\/revisions"}],"predecessor-version":[{"id":610,"href":"https:\/\/vpt-asbl.be\/index.php\/wp-json\/wp\/v2\/pages\/250\/revisions\/610"}],"wp:attachment":[{"href":"https:\/\/vpt-asbl.be\/index.php\/wp-json\/wp\/v2\/media?parent=250"}],"curies":[{"name":"wp","href":"https:\/\/api.w.org\/{rel}","templated":true}]}}

<p style="font-size:14px">Tu veux participer à un festival cet été ? L’ASBL Vacances pour Tous recrute des bénévoles. Nous te garantissons de chouettes rencontres et une ambiance de folie !</p>



<figure class="wp-block-image"><img decoding="async" src="https://ds.static.rtbf.be/article/image/1920x1080/f/0/b/acea5188d9d57831f721f68b9b3c0a66-1688993480.jpeg" alt="Dour 2023 : la sélection de la rédac' de Jam pour réussir ton festival -  RTBF Actus"/></figure>



<p style="font-size:14px">Être bénévole dans la team festivals VPT, c’est réaliser des shifts (4 à 7h) journaliers qui te donnent accès au festival, au camping 🏕️ et autres avantages 😋🍹(tickets food/drink dépendant de l’accord avec le festival). Cela te permettra de vivre une expérience 100% humaine et enrichissante, le travail que tu fourniras sera du win-win, tu bénéficieras d’avantages, mais le travail de toute la team de bénévoles permettra de récolter une somme d’argent donnée par le festival et versée à l’ASBL. Au plus on est de fous, plus on rit, mais au plus on est au plus on récolte de fonds pour VPT. 💸🌞</p>



<div class="wp-block-image"><figure class="alignright is-resized"><img loading="lazy" decoding="async" src="https://i0.wp.com/www.amped-up.be/wp-content/uploads/2016/05/dour-logo.png?ssl=1" alt="dour logo - Amped-Up" width="151" height="151"/></figure></div>



<p class="has-text-align-left" style="font-size:14px"><strong><span class="has-inline-color has-vivid-red-color">Cette année nous colaborons avec Dourrrrrr</span></strong></p>



<p><strong><span style="text-decoration: underline;">DOURRRR</span></strong></p>



<p style="font-size:14px">Tu veux vivre Dour autrement ? De l’intérieur, au cœur de l’ambiance, avec une équipe motivée et bienveillante ? Alors embarque avec Vacances Pour Tous ASBL pour une aventure humaine et festive !</p>



<p><strong>Ce que tu gagnes :</strong></p>



<p>🎫 Entrée gratuite au festival 🏕️ Accès au camping staff 🚿 Accès aux douches ⏱️ Shifts bien organisés de 6 à 7h 🍔 Tickets food/drink</p>



<p><strong>Ce qu’on attend de toi :</strong></p>



<p>Ponctualité, Respect, Communication claire, Engagement total</p>



<p><strong>Informations pratiques :</strong></p>



<ul class="wp-block-list"><li>Inscription obligatoire avant le 20 juin</li><li>Validation par l’ASBL requise (confirmation 21 juin)</li><li>L’ASBL peut interrompre la collaboration en cas de non-respect des règles </li></ul>



<p style="font-size:14px"><strong>Inscriptions</strong> :</p>



<p><a href="https://forms.gle/axqLNHrn8f2FwY456">https://forms.gle/axqLNHrn8f2FwY456</a></p>



<p>Si tu as la moindre question, n’hésite pas à nous contacter via Instagram (@festi_vpt), par e-mail à festival@vpt.be ou directement par téléphone au 0496 05 52 24</p>



<figure class="wp-block-gallery columns-1 is-cropped wp-block-gallery-1 is-layout-flex wp-block-gallery-is-layout-flex"><ul class="blocks-gallery-grid"><li class="blocks-gallery-item"><figure><img loading="lazy" decoding="async" width="150" height="150" src="http://vpt-asbl.be/wp-content/uploads/2023/02/326370930_786692369691281_4243007967946029330_n-1-150x150.png" alt="" data-id="537" data-full-url="http://vpt-asbl.be/wp-content/uploads/2023/02/326370930_786692369691281_4243007967946029330_n-1.png" data-link="http://vpt-asbl.be/index.php/festivals/326370930_786692369691281_4243007967946029330_n-1/" class="wp-image-537 img-responsive"/></figure></li></ul></figure>

<p>Tu veux participer à un festival cet été ? L’ASBL Vacances pour Tous recrute des bénévoles. Nous te garantissons de chouettes rencontres et une ambiance de folie ! Être bénévole dans la team festivals VPT, c’est réaliser des shifts (4 à 7h) journaliers qui te donnent accès au festival, au camping 🏕️ et autres avantages [&hellip;]</p>
