{"id":152,"date":"2019-06-20T16:23:50","date_gmt":"2019-06-20T14:23:50","guid":{"rendered":"http:\/\/vpt-asbl.be\/?page_id=152"},"modified":"2019-06-20T17:42:09","modified_gmt":"2019-06-20T15:42:09","slug":"faire-un-don","status":"publish","type":"page","link":"https:\/\/vpt-asbl.be\/index.php\/faire-un-don\/","title":{"rendered":"Faire un don"},"content":{"rendered":"\n<p><strong>Pourquoi nous aider ?<\/strong><\/p>\n\n\n\n<div class=\"wp-block-image\"><figure class=\"alignright is-resized\"><img loading=\"lazy\" decoding=\"async\" src=\"http:\/\/vpt-asbl.be\/wp-content\/uploads\/2019\/06\/Donation.jpg\" alt=\"\" class=\"wp-image-188 img-responsive\" width=\"240\" height=\"147\" srcset=\"https:\/\/vpt-asbl.be\/wp-content\/uploads\/2019\/06\/Donation.jpg 650w, https:\/\/vpt-asbl.be\/wp-content\/uploads\/2019\/06\/Donation-300x185.jpg 300w\" sizes=\"auto, (max-width: 240px) 100vw, 240px\" \/><\/figure><\/div>\n\n\n\n<p>En soutenant Vacances Pour Tous, vous permettez \u00e0 l&rsquo;ASBL d&rsquo;offrir des vacances \u00e0 des jeunes qui n&rsquo;en ont pas les moyens. Sans toutes vos aides, beaucoup d&rsquo;entre eux n&rsquo;auraient pas la possibilit\u00e9 de quitter leur institution ou leur ville. Nous sommes convaincu que les camps ouvrent de nouvelles perspectives aux enfants et contribuent \u00e0 leur \u00e9panouissement personnel, c&rsquo;est gr\u00e2ce \u00e0 cette conviction que nous existons.   <\/p>\n\n\n\n<p><strong>Attestations fiscales<\/strong><\/p>\n\n\n\n<p>Les donations d&rsquo;une montant sup\u00e9rieur \u00e0 40\u20ac sont d\u00e9ductibles fiscalement  de l\u2019ordre de 40%. En d\u2019autres mots si vous versez 100\u20ac, vous pouvez en d\u00e9duire 40\u20ac de vos imp\u00f4ts ce qui implique que vous ne payez r\u00e9ellement que 60\u20ac. L\u2019ASBL, quant \u00e0 elle, re\u00e7oit les 100\u20ac dans leur int\u00e9gralit\u00e9.<\/p>\n\n\n\n<p><strong>Comment faire&nbsp;?<\/strong><\/p>\n\n\n\n<p>Il suffit de faire un virement au compte suivant en respectant bien la communication. ATTENTION si vous ne mettez pas la bonne communication, le virement ne nous parviendra pas , car le compte bancaire appartient \u00e0 l\u2019asbl Arc-En-Ciel qui s\u2019occupe de d\u00e9livrer les attestations fiscales. Sans communication correcte, il ne peuvent pas savoir \u00e0 quelle ASBL b\u00e9n\u00e9ficie le virement.<\/p>\n\n\n\n<p>Code IBAN<strong> <\/strong>:<strong> BE41 6300 1180 0010<\/strong><\/p>\n\n\n\n<p>Communication:<strong>&nbsp;Projet 152<\/strong>&nbsp;<strong>&nbsp;&#8211; Donation &#8211; votre nom et pr\u00e9nom<\/strong><\/p>\n\n\n\n<p>Code BIC<strong> <\/strong>:<strong> BBRUBEBB\u00a0<\/strong><\/p>\n","protected":false},"excerpt":{"rendered":"<p>Pourquoi nous aider ? En soutenant Vacances Pour Tous, vous permettez \u00e0 l&rsquo;ASBL d&rsquo;offrir des vacances \u00e0 des jeunes qui n&rsquo;en ont pas les moyens. Sans toutes vos aides, beaucoup d&rsquo;entre eux n&rsquo;auraient pas la possibilit\u00e9 de quitter leur institution ou leur ville. Nous sommes convaincu que les camps ouvrent de nouvelles perspectives aux enfants [&hellip;]<\/p>\n","protected":false},"author":4,"featured_media":0,"parent":0,"menu_order":0,"comment_status":"closed","ping_status":"closed","template":"","meta":{"_exactmetrics_skip_tracking":false,"_exactmetrics_sitenote_active":false,"_exactmetrics_sitenote_note":"","_exactmetrics_sitenote_category":0,"footnotes":""},"class_list":["post-152","page","type-page","status-publish","hentry"],"_links":{"self":[{"href":"https:\/\/vpt-asbl.be\/index.php\/wp-json\/wp\/v2\/pages\/152","targetHints":{"allow":["GET"]}}],"collection":[{"href":"https:\/\/vpt-asbl.be\/index.php\/wp-json\/wp\/v2\/pages"}],"about":[{"href":"https:\/\/vpt-asbl.be\/index.php\/wp-json\/wp\/v2\/types\/page"}],"author":[{"embeddable":true,"href":"https:\/\/vpt-asbl.be\/index.php\/wp-json\/wp\/v2\/users\/4"}],"replies":[{"embeddable":true,"href":"https:\/\/vpt-asbl.be\/index.php\/wp-json\/wp\/v2\/comments?post=152"}],"version-history":[{"count":13,"href":"https:\/\/vpt-asbl.be\/index.php\/wp-json\/wp\/v2\/pages\/152\/revisions"}],"predecessor-version":[{"id":196,"href":"https:\/\/vpt-asbl.be\/index.php\/wp-json\/wp\/v2\/pages\/152\/revisions\/196"}],"wp:attachment":[{"href":"https:\/\/vpt-asbl.be\/index.php\/wp-json\/wp\/v2\/media?parent=152"}],"curies":[{"name":"wp","href":"https:\/\/api.w.org\/{rel}","templated":true}]}}

<p><strong>Pourquoi nous aider ?</strong></p>



<div class="wp-block-image"><figure class="alignright is-resized"><img loading="lazy" decoding="async" src="http://vpt-asbl.be/wp-content/uploads/2019/06/Donation.jpg" alt="" class="wp-image-188 img-responsive" width="240" height="147" srcset="https://vpt-asbl.be/wp-content/uploads/2019/06/Donation.jpg 650w, https://vpt-asbl.be/wp-content/uploads/2019/06/Donation-300x185.jpg 300w" sizes="auto, (max-width: 240px) 100vw, 240px" /></figure></div>



<p>En soutenant Vacances Pour Tous, vous permettez à l&rsquo;ASBL d&rsquo;offrir des vacances à des jeunes qui n&rsquo;en ont pas les moyens. Sans toutes vos aides, beaucoup d&rsquo;entre eux n&rsquo;auraient pas la possibilité de quitter leur institution ou leur ville. Nous sommes convaincu que les camps ouvrent de nouvelles perspectives aux enfants et contribuent à leur épanouissement personnel, c&rsquo;est grâce à cette conviction que nous existons.   </p>



<p><strong>Attestations fiscales</strong></p>



<p>Les donations d&rsquo;une montant supérieur à 40€ sont déductibles fiscalement  de l’ordre de 40%. En d’autres mots si vous versez 100€, vous pouvez en déduire 40€ de vos impôts ce qui implique que vous ne payez réellement que 60€. L’ASBL, quant à elle, reçoit les 100€ dans leur intégralité.</p>



<p><strong>Comment faire&nbsp;?</strong></p>



<p>Il suffit de faire un virement au compte suivant en respectant bien la communication. ATTENTION si vous ne mettez pas la bonne communication, le virement ne nous parviendra pas , car le compte bancaire appartient à l’asbl Arc-En-Ciel qui s’occupe de délivrer les attestations fiscales. Sans communication correcte, il ne peuvent pas savoir à quelle ASBL bénéficie le virement.</p>



<p>Code IBAN<strong> </strong>:<strong> BE41 6300 1180 0010</strong></p>



<p>Communication:<strong>&nbsp;Projet 152</strong>&nbsp;<strong>&nbsp;&#8211; Donation &#8211; votre nom et prénom</strong></p>



<p>Code BIC<strong> </strong>:<strong> BBRUBEBB </strong></p>

<p>Pourquoi nous aider ? En soutenant Vacances Pour Tous, vous permettez à l&rsquo;ASBL d&rsquo;offrir des vacances à des jeunes qui n&rsquo;en ont pas les moyens. Sans toutes vos aides, beaucoup d&rsquo;entre eux n&rsquo;auraient pas la possibilité de quitter leur institution ou leur ville. Nous sommes convaincu que les camps ouvrent de nouvelles perspectives aux enfants [&hellip;]</p>
